 p(x) = -2 + q - x - 3. Determine p(k).
3
Let g(s) = -s**3 + 4*s**2 - s + 2. Let i be (-3*1/(-6)*-12)/(-2). Determine g(i).
8
Let a(t) = -5*t. Suppose -3*b - 10 = -2*o, 0 = -3*o - o + 8. Determine a(b).
10
Let t(s) be the first derivative of s**3/3 - 3*s**2 + 5*s - 2. Give t(5).
0
Let j = 13/6 + -17/8. Let m(y) be the third derivative of 0*y + 0 - 1/60*y**5 - 3*y**2 - j*y**4 + 0*y**3. Give m(-1).
0
Suppose 8*a = -14 - 10. Let k(m) = -4. Let y(z) = z. Let n(w) = -k(w) - 2*y(w). Determine n(a).
10
Let i(f) be the third derivative of f**4/24 + f**3/6 + 5*f**2. Calculate i(-4).
-3
Let i(n) = -n - 5. Let c be i(-5). Let a(g) = -2*g**2 + 7*g + 4. Let r be a(4). Let x be c - 4/(r + 1). Let b(h) = -h**3 - 3*h**2 + 3*h - 5. What is b(x)?
-1
Let k(c) = c**3 - 3*c + 2. Let y be k(2). Let v be (4/12)/((-2)/(-18)). Let i(z) = 0*z**2 - 2*z**2 + 2*z - z + 3 - 2*z**2 + z**v. What is i(y)?
7
Suppose 11*u + 4 = 10*u. Let w(l) = l - 1. Give w(u).
-5
Let k(y) = -11 + 2 - 17 + 6 - y**2. Determine k(0).
-20
Suppose 0 = -0*y + 4*y + 24. Let p(l) = 2*l**2 + 7*l + 3. Let i be p(y). Let f be (-1)/(-2 - i/(-15)). Let s(z) = -z**2 - 7*z - 5. Calculate s(f).
5
Let h(p) = 2*p + 6. Suppose -t + 3*f - 7 = 0, -5 - 20 = -5*t - 5*f. Let l = t - 8. Determine h(l).
-6
Let c be (-2)/(-1 + 4/5). Suppose 0 = -3*k + k + c. Let i(a) = -a**2 + 12*a + 1. Let d(s) = -s - 1. Let u(r) = 6*d(r) + i(r). What is u(k)?
0
Let t be (-11)/2 - (-4)/8. Let g = -8 - t. Let b(u) = -4*u - 4. Calculate b(g).
8
Let b be 2*(-1 + 3)/4. Let a = b + -3. Let g(v) be the first derivative of v**2/2 + v - 3. What is g(a)?
-1
Suppose -4*p - 24 = 4*g + p, g + 2*p = -6. Let k(z) = -z**2 - 12*z - 7. What is k(g)?
29
Let t(q) be the first derivative of -q**7/840 + q**6/90 - q**5/30 + q**4/24 + 4*q**3/3 + 4. Let n(i) be the third derivative of t(i). Determine n(3).
-2
Suppose 24 = l - 7*l. Let g(r) = -4*r. Calculate g(l).
16
Let b(n) be the second derivative of n**6/120 - n**5/30 + n**4/8 - n**3/3 - n**2 + n. Let z(w) be the first derivative of b(w). Let s = 8 - 6. Determine z(s).
4
Let p(u) = 2*u - 1. Let g be (-1)/(-4) + 111/(-12). Let j be (g/3)/3*-5. Calculate p(j).
9
Let w(p) = 30*p - 5. Let r(c) = -2. Let a(o) = 3*r(o) - w(o). What is a(-1)?
29
Let r(b) = 27*b - 12. Suppose 4*h = 8, 355 = 3*o + 2*o + 5*h. Suppose 21 = 4*x + o. Let q(y) = -11*y + 5. Let a(j) = x*q(j) - 5*r(j). Give a(1).
-3
Let w(m) = -6*m**3 + m**2 - m - 21. Let b(f) = 7*f**3 - f**2 + f + 23. Let i(z) = 5*b(z) + 6*w(z). Give i(0).
-11
Let n(q) = q**3 - 4*q**2 + 2*q + 3. Let y(j) = j**2 - 1. Suppose 0 = 4*s - w - 15, -s + 7*w - 2*w + 18 = 0. Let z(b) = s*y(b) + n(b). Determine z(2).
8
Let b(l) = 2*l + 2. Suppose -8*u = -17*u + 45. Determine b(u).
12
Suppose 40 + 14 = 9*t. Let m(v) = 2*v - 3. Give m(t).
9
Let k(x) = -10*x - 32 - 2*x + 33 + 2*x. Determine k(1).
-9
Let h = 69 + -64. Let j(g) = g**2 - 6*g - 4. Calculate j(h).
-9
Let i(g) = -2 - 5 + g - 1 - 1. Calculate i(5).
-4
Let a(g) = -4*g**2 + g. Let b = 4 - 7. Let y = b - -2. What is a(y)?
-5
Let o(a) be the first derivative of -a**2 - 3*a + 8. Calculate o(-3).
3
Let o(v) be the first derivative of 3*v**2/2 + 2*v - 35. Calculate o(-6).
-16
Let i be 3 + -1 - 2 - -2. Let y(h) = -h**3 + h**2 - h - 2. Give y(i).
-8
Let h(m) = -5*m**2 + m**2 + 57*m - 66*m - 5. Suppose -3*w - 12 = -0*w. Let c(q) = -5*q**2 - 10*q - 6. Let p(l) = w*h(l) + 3*c(l). Determine p(-5).
-3
Let x(s) = -6*s**2. Let c(p) = 5*p + 8. Let q(u) = -4*u - 7. Let z(n) = 3*c(n) + 4*q(n). Let k be z(-5). Determine x(k).
-6
Let p(x) be the third derivative of -x**4/24 - 7*x**3/6 - 2*x**2 + 5*x. Calculate p(-5).
-2
Suppose 0 = 2*h - 5*h + 6. Let x(l) = -h*l**3 - 4*l - 3*l + 5*l + l**3 + 2 - 3*l**2. Give x(-3).
8
Let z(k) = -4*k + 2*k**2 - 4*k - k**2 + 9. Suppose f - 2*s = 9, f = -s + 2*s + 4. Let n be -5 + 6 - f*5. Determine z(n).
-3
Let q(r) be the second derivative of r**5/20 + r**4/12 - r**3/2 - r**2/2 + r. Let h(c) = c + 1. Let g be h(-3). Determine q(g).
1
Let i(b) = -8*b**3 + 2*b + 1. Let n be i(-1). Suppose -n = 3*y - v, -2*v - v - 3 = -3*y. Let j(q) = -q**3 - 5*q**2 - 5*q - 3. Determine j(y).
1
Let s(p) = -3*p**2 - 3*p - 2. Suppose 0 = -3*x - x - 20. Let t(m) = -m - 7. Let g be t(x). Determine s(g).
-8
Let y(z) = -3*z. Let n(o) = -4*o + 1. Let v(f) = -3*n(f) + 2*y(f). What is v(2)?
9
Suppose 3*t = -t - 20, -9 = v + t. Let u(n) be the second derivative of n**5/20 + 5*n**4/12 + n**3 + 3*n**2 + 2*n. What is u(v)?
-2
Let q(t) = -t**3 + 5*t**2 + 4*t + 1 + 0*t**3 + 3 + 2*t**3. What is q(-4)?
4
Let s = -9 - -6. Let m(f) = 2*f + 6. Let w be m(s). Let p(u) = 6*u + 5. Let d(k) = -5*k - 4. Let g(r) = 5*d(r) + 4*p(r). Calculate g(w).
0
Let t(p) be the first derivative of p**3/3 - p**2 + 3*p - 16. Give t(3).
6
Let s be ((-85)/84)/5 + (-4)/(-14). Let h(x) be the third derivative of -1/30*x**5 + 2*x**2 + 0 + 0*x - s*x**4 + 1/6*x**3. Give h(-3).
-11
Let f(m) = m**2 + m - 8. Let k(a) = -2*a - 4. Let q be k(-2). Determine f(q).
-8
Let a(s) = -1. Let v(x) = -x + 7. Let m(k) = 4*a(k) + v(k). Let d(f) = -f**3 - 4*f + 2 + 0 + 4*f**2 + 0*f**2. Let j be d(2). What is m(j)?
1
Let h(t) = -2*t - 2. Suppose 2*u + 10 = 0, 4*u + 7 = 4*a - 33. Determine h(a).
-12
Let k = -22 - -16. Let v = k + 8. Let x(j) = -3*j - 5 + 0*j + v. Determine x(-2).
3
Let v = -1 + 4. Let t(l) = 3*l - v*l - l - 3 - 6*l + 5*l**2 + l**3. Determine t(-6).
3
Suppose 6 = 2*z + z. Let g(k) be the first derivative of -3*k + 1 + 2*k**2 + 2*k**2 - 2*k**2. What is g(z)?
5
Let s(v) = -v**3 + 2*v**2 - 2*v - 2. Let z(y) = y**3 + 13*y**2 + 12*y + 2. Let r be z(-12). What is s(r)?
-6
Suppose 0 = -4*z - 5*i + 14, -z - 4*i = -i. Let h be 1/(-2) + (-5)/(-2). Suppose -3*d + 13 = 3*x + h*x, 2*x + z = -4*d. Let p(g) = -g**2 + 7*g - 6. Give p(x).
4
Let d(o) = o + 6. Let a(n) = n + 7. Let l(y) = 4*a(y) - 5*d(y). Give l(-7).
5
Let y(f) = f**2 - f + 1. Let b(a) = -3*a**2 - 2*a - 2. Let q(t) = b(t) + 4*y(t). What is q(4)?
-6
Let s(l) = -3*l**2 - 5*l + 17. Let a(x) = -4*x**2 - 8*x + 25. Let m(r) = 5*a(r) - 7*s(r). Determine m(4).
2
Suppose 3*d - 5*b - 30 = 0, 2*d + 0*d - 3*b - 19 = 0. Let m(g) = -g**2 + 6*g - 7. Calculate m(d).
-2
Let g(y) = y**3 - y**2 - y + 1. Let x(b) = -6*b**3 + 6*b**2 + 4*b - 5. Let r(i) = 4*g(i) + x(i). Determine r(-1).
3
Suppose 4*d - 12 = 36. Let g = 8 - d. Let o(b) = b**3 + 4*b**2 + b + 3. Determine o(g).
-1
Let m(p) be the first derivative of -p**2 - 1 + 1/6*p**3 - 2*p. Let o(h) be the first derivative of m(h). Calculate o(3).
1
Let r(s) = 5*s - 3. Suppose 4*p = -5*h + 7, 0 = 3*p + 4*h - 5. Give r(p).
12
Let p(w) = w - 3. Let m = -38 - -46. Calculate p(m).
5
Let w(q) = q**3 + 5*q**2 + 7. Suppose 3*b + 18 = b. Let r be (42/b - -3)*3. What is w(r)?
7
Let x(s) = s**3 - 6*s**2 - 2*s + 8. Let w = 30 + -43. Let i = 19 + w. Give x(i).
-4
Let l(b) = b**3 + 7*b**2 + 1. Let z be l(-7). Suppose 2*n + z = 5. Let q(o) = o**2 - 3*o + 3. Let i be q(n). Let t(h) = 2*h**3 - h**2 + 2*h - 1. Give t(i).
2
Let q(m) = m**3 + 5*m**2 + 5*m - 1. Let a be 4/10 - (-62)/(-5). Let w = 8 + a. Calculate q(w).
-5
Let k be (8/2)/((-4)/14). Let n = 12 + k. Let o(f) be the first derivative of -2*f**2 - 3*f + 1. Calculate o(n).
5
Let a = -74 - -72. Let i(u) = -u**3 - 2*u**2 - 3*u - 1. Give i(a).
5
Let n = 0 + 0. Let z(w) = 4 + n - w + 2*w. Suppose -5*s - 6 = -2*s, -4*s + 4 = -3*u. Determine z(u).
0
Let r(h) be the third derivative of -h**6/60 + h**5/20 - h**4/8 - 17*h**2. Let g = -5 - -7. Calculate r(g).
-10
Let p(t) = 13*t - 9. Let z(o) = -4*o + 3. Let l(w) = -2*p(w) - 7*z(w). Suppose 9*d - 10 = 4*d. Let b be (-12)/((-6)/d) + 0. Determine l(b).
5
Let d(b) = -2*b + 2. Let u be ((-3)/4)/((-2)/8). Let y(w) = -5*w + 4. Let v(q) = u*y(q) - 7*d(q). Let l(o) = o**3 - 4*o**2 - 7*o + 9. Let k be l(5). Give v(k).
-1
Let j(g) = -2*g. Let p(y) = y. Let r(s) = -2*j(s) - 6*p(s). Let h(u) = u - 3. Let w be h(7). Calculate r(w).
-8
Let k be (-99)/(-6) + 3/(-2). Suppose 2*z + z = k. Suppose -2*a = -z*m - 23, -m + 3 + 2 = 2*a. Let j(s) = s + 3. What is j(m)?
0
Let s(h) = -5*h - 5. Suppose -4*i = -6*i - 4. Let w(v) = -6*v - 6. Let z(f) = i*w(f) + 3*s(f). Calculate z(-5).
12
Let x be 8/(-2) + (-4 - -8 - 7). Let i(w) = -4*w - 4. What is i(x)?
24
Let p(j) = j - 2. Let k = -6 - -10. Suppose 0 = -3*z - 5*f + 9 - k, 3*f - 27 = 3*z. Calcul